r of 9600 and 75.
75
Calculate the highest common divisor of 43 and 2537.
43
What is the highest common factor of 603 and 268?
67
What is the highest common divisor of 636 and 530?
106
What is the greatest common factor of 48 and 112?
16
Calculate the greatest common factor of 2552 and 88.
88
What is the greatest common factor of 7 and 149?
1
Calculate the greatest common factor of 60 and 25.
5
Calculate the greatest common divisor of 1120 and 64.
32
Calculate the greatest common factor of 44 and 33.
11
Calculate the highest common divisor of 4620 and 240.
60
What is the highest common factor of 5025 and 268?
67
Calculate the highest common factor of 837 and 27.
27
What is the highest common divisor of 9 and 24?
3
Calculate the greatest common factor of 84 and 23394.
42
Calculate the greatest common divisor of 16 and 948.
4
Calculate the greatest common factor of 16 and 5168.
16
What is the greatest common divisor of 44 and 550?
22
What is the greatest common factor of 10 and 10020?
10
Calculate the greatest common factor of 85 and 1343.
17
Calculate the greatest common factor of 67 and 1675.
67
Calculate the greatest common divisor of 551 and 19.
19
What is the highest common factor of 116 and 986?
58
What is the highest common factor of 408 and 918?
102
What is the highest common divisor of 112 and 5327?
7
What is the highest common divisor of 1530 and 810?
90
What is the highest common factor of 21 and 399?
21
What is the greatest common divisor of 7 and 707?
7
What is the highest common factor of 4648 and 1079?
83
Calculate the highest common divisor of 20 and 40.
20
Calculate the greatest common factor of 46 and 161.
23
What is the greatest common factor of 12 and 1?
1
Calculate the highest common factor of 1363 and 29.
29
What is the greatest common divisor of 20552 and 367?
367
Calculate the highest common divisor of 131 and 22663.
131
What is the greatest common divisor of 445 and 215?
5
Calculate the greatest common factor of 84 and 322.
14
Calculate the greatest common factor of 80 and 200.
40
What is the highest common divisor of 2112 and 20?
4
Calculate the greatest common divisor of 15129 and 36.
9
What is the greatest common factor of 8 and 1166?
2
What is the greatest common factor of 68 and 204?
68
Calculate the greatest common factor of 64482 and 33.
33
Calculate the highest common divisor of 148 and 1406.
74
What is the highest common factor of 667 and 23?
23
What is the greatest common divisor of 36 and 51?
3
What is the greatest common factor of 5706 and 18?
18
Calculate the highest common factor of 2806 and 976.
122
What is the greatest common divisor of 37095 and 15?
15
Calculate the greatest common divisor of 22 and 256.
2
Calculate the highest common divisor of 9 and 1017.
9
Calculate the greatest common divisor of 1144 and 88.
88
Calculate the greatest common divisor of 20 and 1010.
10
What is the greatest common factor of 590 and 30?
10
Calculate the greatest common divisor of 9 and 693.
9
Calculate the highest common factor of 30 and 100.
10
What is the highest common divisor of 325 and 1975?
25
Calculate the greatest common factor of 6448 and 39.
13
What is the greatest common divisor of 1647 and 61?
61
What is the highest common divisor of 200 and 150?
50
What is the greatest common divisor of 560 and 1520?
80
Calculate the highest common factor of 6414 and 6.
6
What is the highest common divisor of 198 and 110?
22
Calculate the greatest common divisor of 12 and 60.
12
What is the greatest common factor of 192 and 832?
64
Calculate the highest common factor of 101 and 1313.
101
Calculate the greatest common factor of 2320 and 640.
80
Calculate the highest common divisor of 672 and 56.
56
Calculate the highest common divisor of 220 and 836.
44
Calculate the greatest common factor of 14 and 2338.
14
Calculate the greatest common factor of 7361 and 17.
17
Calculate the highest common divisor of 125 and 5075.
25
Calculate the greatest common divisor of 14 and 336.
14
What is the highest common divisor of 394 and 5?
1
What is the highest common factor of 135 and 108?
27
What is the highest common divisor of 14 and 210?
14
What is the greatest common factor of 55 and 1315?
5
What is the highest common factor of 13563 and 396?
99
Calculate the highest common divisor of 63 and 294.
21
What is the highest common divisor of 33 and 253?
11
Calculate the highest common factor of 70 and 45.
5
Calculate the greatest common factor of 30 and 4870.
10
Calculate the highest common factor of 22 and 583.
11
What is the highest common divisor of 667 and 207?
23
Calculate the greatest common factor of 78 and 286.
26
What is the greatest common factor of 598 and 26?
26
Calculate the greatest common divisor of 6 and 684.
6
Calculate the highest common factor of 171 and 9.
9
Calculate the highest common divisor of 3 and 107.
1
Calculate the highest common factor of 494 and 2052.
38
Calculate the highest common divisor of 16469 and 43.
43
Calculate the highest common factor of 117 and 9.
9
What is the highest common divisor of 843 and 13207?
281
Calculate the greatest common divisor of 425 and 375.
25
Calculate the highest common factor of 1166 and 528.
22
What is the greatest common divisor of 8508 and 8?
4
What is the greatest common divisor of 210 and 2490?
30
Calculate the greatest common factor of 14 and 114.
2
Calculate the greatest common divisor of 104 and 128.
8
Calculate the highest common divisor of 49 and 1106.
7
Calculate the highest common divisor of 9 and 62550.
9
Calculate the greatest common factor of 612 and 34.
34
Calculate the greatest common divisor of 33 and 687.
3
Calculate the highest common factor of 99 and 36.
9
What is the highest common factor of 668 and 4?
4
What is the greatest common divisor of 9 and 2124?
9
Calculate the highest common divisor of 380 and 266.
38
What is the highest common divisor of 440 and 80?
40
What is the highest common factor of 22 and 3322?
22
Calculate the highest common factor of 80 and 112.
16
What is the greatest common factor of 54 and 135?
27
What is the highest common divisor of 567 and 9?
9
Calculate the highest common divisor of 54 and 1026.
54
What is the greatest common factor of 245 and 140?
35
What is the highest common divisor of 609 and 348?
87
What is the greatest common divisor of 10 and 2?
2
What is the highest common factor of 5029 and 1284?
107
Calculate the greatest common divisor of 13332 and 66.
66
What is the greatest common factor of 1090 and 10?
10
Calculate the greatest common divisor of 295 and 236.
59
What is the greatest common divisor of 16 and 584?
8
Calculate the greatest common factor of 9 and 6.
3
What is the highest common factor of 6069 and 51?
51
What is the greatest common divisor of 92 and 676?
4
What is the greatest common divisor of 32 and 1312?
32
What is the greatest common factor of 1884 and 24?
12
Calculate the greatest common factor of 122 and 10431.
61
What is the highest common factor of 238 and 126?
14
Calculate the highest common divisor of 350 and 1000.
50
Calculate the greatest common factor of 4 and 712.
4
Calculate the highest common divisor of 154 and 6664.
14
What is the greatest common factor of 915 and 60?
15
Calculate the greatest common divisor of 558 and 124.
62
What is the greatest common divisor of 161 and 805?
161
Calculate the greatest common factor of 34 and 1462.
34
Calculate the highest common factor of 1448 and 104.
8
What is the greatest common factor of 12 and 564?
12
What is the greatest common factor of 3021 and 95?
19
What is the highest common factor of 2925 and 260?
65
What is the highest common divisor of 36 and 6348?
12
Calculate the highest common factor of 5054 and 28.
14
Calculate the highest common factor of 2299 and 242.
121
Calculate the greatest common factor of 351 and 7254.
117
Calculate the greatest common divisor of 47 and 893.
47
Calculate the greatest common divisor of 62833 and 19.
19
What is the greatest common divisor of 27 and 468?
9
What is the greatest common divisor of 161 and 259?
7
Calculate the highest common divisor of 5 and 340.
5
What is the highest common factor of 2140 and 60?
20
Calculate the highest common divisor of 190 and 170.
10
What is the greatest common factor of 4 an